403 + 3282. What is the hundreds digit of m?
3
Suppose -10 = -b - 2*q, q - 58 = -4*b - q. Let v = b - 11. Suppose -28 + 3 = -v*c. What is the units digit of c?
5
Let j = 361 + -144. What is the hundreds digit of j?
2
Let m = -16 + -2. Let r = -5 - m. Suppose -v + h - 5*h = -14, 3*h = -2*v + r. What is the units digit of v?
2
Suppose -5*j + w + 18 = -152, -3*j + 109 = -2*w. What is the units digit of j?
3
Let l = -769 + 1096. What is the units digit of l?
7
Suppose 2*q - 146 + 36 = 0. What is the units digit of q?
5
Let x(d) = 5*d**2 - 2*d - 1. Let v be x(2). Let m = -9 + v. Let h = m + -1. What is the units digit of h?
5
Let y be 4/(-16) + (-3)/4. Let q = y - -4. Let i(t) = t**2 - 3*t + 1. What is the units digit of i(q)?
1
Let t = -7 - 0. What is the tens digit of -1*(-4)/(-2)*t?
1
Let o be 6*(33/(-6))/(-1). Let k = o + -5. Suppose -2*t + 6*t - k = -5*j, -4*t = 2*j - 16. What is the units digit of t?
2
Suppose 0 = -3*y + 759 + 87. What is the tens digit of y?
8
Suppose 215 = 7*u - 51. What is the units digit of u?
8
Suppose -3*s = -2*o - 12, -3*s - 4 = -4*o - 22. Let m be -10 + s + -1 + 1. What is the units digit of 12/(2 - (-10)/m)?
6
Let a = -216 + 329. What is the hundreds digit of a?
1
Suppose -4*y + 52 + 12 = 0. Suppose 4*k - y = 3*k. What is the tens digit of k?
1
Let y(x) = 2*x**2 - 2*x. What is the tens digit of y(4)?
2
Suppose 5*k - 13 - 2 = 0. Let s = 2 - k. What is the units digit of 0 + -1 - (-4 - s)?
2
Let z = -14 + 13. Let c = z + 6. What is the units digit of c?
5
Let n(q) = 4*q**2 - 9*q + 2. Let x be n(9). Suppose -260 = -5*w - 4*y + 2*y, -y - x = -5*w. What is the units digit of w?
0
Suppose -q = 3*q + 2*p - 2, -5*q - 3*p + 1 = 0. Let r be 0/((3 + -1)/q). Suppose 2*k + 2*k - 28 = r. What is the units digit of k?
7
Let z be (-74)/(-8) - (-1)/(-4). Suppose -39 = -t - z. Suppose t = 5*w - g, 2*w - 4*w = 5*g - 39. What is the units digit of w?
7
Let i be (4 + -6)/(4/(-10)). Suppose i*t - 58 - 48 = -3*j, 3*t - 38 = -j. What is the units digit of j?
2
Let k(s) = s. Let x be k(2). Suppose 2*r + 11 = 3*r - 2*j, 0 = 5*r + x*j - 91. What is the units digit of r?
7
Let g(m) = -m + 4. Let q(l) = 2*l**2 - l - 7. Let z(n) = -n**2 + 4. Let a(t) = 6*q(t) + 13*z(t). Let c be a(-7). What is the units digit of g(c)?
1
Suppose 4*c - q - 239 = 0, 0 = 2*c + 3*c + q - 292. What is the tens digit of c?
5
Let y(k) = -11*k**2 - 2*k + 101. Let t(g) = 5*g**2 + g - 50. Let h(m) = -9*t(m) - 4*y(m). What is the tens digit of h(0)?
4
Suppose 0 = j - 1 - 0. Suppose 5*n - 34 = j. Let f = n - 3. What is the units digit of f?
4
Let k(w) = -1. Let r(d) = -d + 1. Let u(z) = k(z) - r(z). Let m be u(5). Suppose -5 = -l - 2*p - m, -2*p = 0. What is the units digit of l?
2
Let t(h) = -3*h**3 + 1. Let v be t(-1). Suppose v*p - 3*j - 5 - 12 = 0, -7 = 4*p + 5*j. Suppose 0*f - 32 = -2*f - 2*y, -p*y = -2. What is the tens digit of f?
1
Suppose 0*p + 28 = 4*p. Let z = p + 9. Suppose 0 = -3*w + 2*u + 50, w + 3*u - z = -w. What is the units digit of w?
4
Let f be 15/(-2)*(-30)/25. Suppose 0 = 3*p - f - 0. Suppose 0*j - 4*z + 13 = -p*j, -5*z + 21 = j. What is the units digit of j?
1
Suppose 45 = 3*z - 66. Suppose -35 = 4*m + z. What is the units digit of (-374)/m + 4/18?
1
Suppose 2*j - 4*j = 0. Suppose 11 = 5*o + 3*n - 6*n, 2*o - 5*n - 12 = j. What is the units digit of o?
1
Let i(c) = -c - 2. Suppose 0*m = 3*m + 15. What is the units digit of i(m)?
3
Let m(v) = -v**2 - v + 1. Let i(u) = u**2 - 5. Let p(n) = -i(n) - 2*m(n). Let g(h) = h**3 - h**2 + h - 2. Let c be g(0). What is the units digit of p(c)?
3
Suppose -4*x - 7 = 3*p + 8, p = -3*x - 5. Suppose 3*y - 14 = -b, x = -b - 2*y + 4*y - 6. What is the units digit of b?
2
Suppose 3*j - 2*c - 8 = 0, 0 = 3*j - 0*c + 4*c + 16. Suppose -x + 10 = -j. What is the tens digit of x?
1
Let c(g) = -g**3 - 7*g**2 + g - 11. Let f be (8/10)/(2/(-20)). Let u be c(f). Suppose y + 2*y - u = 0. What is the tens digit of y?
1
Let a = -163 - -371. Let b be a/(-28) - 3/(-7). Let l = b - -23. What is the tens digit of l?
1
Let n(b) = -2*b - 3. Suppose -4*s - 21 = -5*i - 8*s, -2*i + 11 = -s. Let c be i/(-10)*2*3. What is the units digit of n(c)?
3
Let h = -5 - -10. Let w(z) = -z**3 + 7*z**2 - 8*z + 3. What is the units digit of w(h)?
3
Let v be (-6 - -2) + (3 - 2). What is the tens digit of v/(-12) - (-595)/20?
3
Suppose 2*q - 2 - 2 = 0. Suppose 3*v - r = 3, -4*v - q*r + 4*r = -6. Suppose -2*d - 2 = -4*f + 10, v = 2*d + 2*f - 18. What is the units digit of d?
4
Let a(g) = g**3 - 5*g**2 + 4. Let w be a(5). What is the units digit of (-2)/(w*4/(-152))?
9
Let q be (-96)/(-15) - (-2)/(-5). Suppose 0 + q = y. What is the units digit of y?
6
Let f = 41 + -90. Let u = -29 - f. What is the tens digit of u?
2
What is the tens digit of -1 + 51*3/9?
1
Let g be 25/20 - 1/4. Let c = 5 + g. Let i = c - 4. What is the units digit of i?
2
Let k = 34 + 64. What is the units digit of k?
8
Let b(t) = -t**3 - t**2 - t + 2. Let k be b(0). Suppose -k*m = m - 21. Suppose 5*l = -r + 17, 4*r + 3*l = m*l + 20. What is the units digit of r?
7
Suppose -5*r + 7*r - 80 = 0. What is the tens digit of r?
4
Suppose -3*m - 42 = -3*w, 4*w - 3*m = 5*w + 2. Let o be (8/w)/((-2)/(-10)). Let i = 1 + o. What is the units digit of i?
5
Suppose 0 = -7*s + 5*s + 3*y + 254, 4*y = -5*s + 658. What is the units digit of s?
0
Let r(w) = -w + 16. What is the units digit of r(6)?
0
Suppose -3*k - q = -40, 4*k - 2*q - 65 = -q. What is the units digit of k?
5
Let g be 2 - 4 - (-9 - -2). Suppose 80 + 114 = g*j - 2*u, -4*j = -5*u - 145. What is the tens digit of j?
4
Let f(d) = 3*d**2 - 4*d + 4. Let c be f(2). What is the tens digit of ((-75)/10)/((-6)/c)?
1
Suppose 0*t = 2*t. Let f(m) = m**2 + m + 5. Let k be f(t). Suppose -5*j - k*d + 65 = 0, -d = -j + 3*j - 24. What is the units digit of j?
1
Let t(c) = c**2 + 2*c. Let b(y) = 4*y**2 + y - 1. Let r be b(-1). What is the units digit of t(r)?
8
Let z = 2 - 15. Let f(r) = r + 19. What is the units digit of f(z)?
6
Let h(r) = -r**3 + r**2. What is the tens digit of h(-2)?
1
Let c(y) = y**3 - 8. Let b be c(0). What is the units digit of -3 - (1 + -3) - b?
7
Let s(k) = 12*k**2 - 1 + 17*k - 7*k - 13*k. What is the tens digit of s(-2)?
5
Suppose 2*w + 5 = -3*w. Let y = -16 + 11. Let l = w - y. What is the units digit of l?
4
Suppose 0 = x - 278 + 136. What is the tens digit of x?
4
Let d(v) = 2*v**3 + 3*v**2 + 4*v - 1. What is the tens digit of d(3)?
9
Let s(k) = k**2 + 4*k - 5. Let q be s(-5). Let b be (-10)/(-8)*(4 + q). What is the units digit of 37/b + (-2)/5?
7
Let r(m) = m**3 - m**2 - 4*m - 1. Let x be r(3). Suppose -2*j + x*j - 2*a = 6, -4*j + 4*a = -8. Suppose j*l - 1 = l, 4*d + l = 29. What is the units digit of d?
7
Suppose -3*o + 81 = -5*z, -4*o - 59 = -6*o + 5*z. What is the units digit of o?
2
Let d = -31 - -11. What is the units digit of 12/(-4) + d/(-2)?
7
Suppose z - 25 = 6*z. Suppose -39 = 5*r + 31. Let u = z - r. What is the units digit of u?
9
Let r be ((-4)/(-3) + 0)*3. Suppose -46 = -4*w + r*q - 10, -5*w - 3*q = -69. What is the tens digit of w?
1
Let j = -4 - -14. Let k = j + 0. What is the units digit of k?
0
Suppose -y + 144 = 4*b - 109, 2*b = -4*y + 1012. What is the units digit of y?
3
Let t(f) = -2*f**3 - 2*f**2 + 4*f + 6. What is the tens digit of t(-4)?
8
Let r be (0 - -1)*(-8)/(-2). Suppose -s + 0*x - 3*x = -39, r*s = 2*x + 156. Suppose -4*a + a + s = 0. What is the tens digit of a?
1
Let x = 31 + -26. What is the units digit of x?
5
Suppose -5*o + 4*c = -1568, -3*o = -5*o - 3*c + 618. What is the units digit of o?
2
Let j = -34 + 60. Suppose -2*d - 3*l = -j, 5*d - d = l + 80. What is the tens digit of d?
1
Suppose 5*b - q + 7 = 44, 5*b - 46 = -2*q. What is the units digit of b?
8
Suppose 6*l = -83 + 749. What is the tens digit of l?
1
Let q(h) = 2*h + 4. Suppose 3*t - 29 = -4*o + 6*t, -o + 8 = -t. What is the units digit of q(o)?
4
Let q = -66 - -311. What is the units digit of q?
5
Let v(c) = 6*c - 9. What is the tens digit of v(6)?
2
Let v(a) = 2*a**2 - 7*a. Let f be v(5). Suppose 4*n - n = f. What is the units digit of n?
5
Let p be 2 - 12*(4 - 3). What is the units digit of 15/p - (-182)/4?
4
Let q = -6 + 4. Let x = q - -16. What is the tens digit of x?
1
Let m be 3/(14/6 - 2). Let s(h) = h**2 - 8*h + 5. Let t be s